mine w(8).
-11
Let w = -6575 + 6569. Let g(m) = m**2 - 3*m - 5. Calculate g(w).
49
Let s(i) be the first derivative of i**2 - 7*i - 11. Suppose 5 = -17*j + 102 + 39. Calculate s(j).
9
Let y(j) = 28*j - 2. Suppose -12*r + 2*v = -8*r - 20, -8 = -4*r - v. Calculate y(r).
82
Let j(w) = -w**3 + 22*w**2 + 130*w - 3166. Let d be j(21). Let n(r) = 6*r - 22. Give n(d).
8
Let p(y) = y**3 - 10*y**2 + 17*y - 16. Let g(d) = 8*d**2 - 136*d - 136. Let b be g(-1). Determine p(b).
-8
Let l(z) = 2*z**2 + 8. Let b(m) = -13*m**2 - 6*m - 32. Let g(o) = b(o) + 5*l(o). Give g(-3).
-1
Let k(w) = -w**2 + 12*w + 35. Let g be (-1)/((-3)/43) - 280/(-420). Determine k(g).
-10
Let k(u) be the second derivative of u**5/20 + 4*u**4/3 + 13*u**3/6 - 35*u**2/2 - 17*u. Determine k(-15).
-5
Let q(o) = 20*o**2 + o. Let a be (80 - 74)*(-1)/((-3)/1). Let t be (6*5/(-60))/(1/a). What is q(t)?
19
Let i be 1/(((-2)/(-3))/((-18)/(-9))). Let w(b) = -b**2 + 0*b**2 - 7*b + 6 + 2*b**2 - 4*b**2 + b**i. Calculate w(4).
-6
Let l be (-29 - -32) + (-2 - 1 - -7). Let r(z) = -5 - 7*z - 2*z + 10*z. Calculate r(l).
2
Let n(x) = 2*x**3 - x**2 - 5*x + 8. Let m be n(2). Suppose -m + 2 = -4*z, -2*p - 24 = -z. Let r(f) = 2*f + 14. What is r(p)?
-8
Let w be ((-5)/10 - -4)/28 - (-1)/(-8). Let d(i) = i**3 + 2*i + 27. Give d(w).
27
Let w(o) = -o**2 - 19*o - 32. Let u be -20 + 1 + ((-5)/(-3))/(8/24). What is w(u)?
38
Let l be (-14)/(10/(-35)*-7). Let k(i) = 4*i**2 + 35*i - 36. Let q(h) = 3*h**2 + 24*h - 24. Let b(o) = l*q(o) + 5*k(o). What is b(8)?
-20
Let y(a) be the first derivative of -23*a**2/2 - 181*a - 4083. What is y(-8)?
3
Suppose -159 + 424 = 53*t. Let h(n) = -25*n + 120. Calculate h(t).
-5
Let c = 2260 + -2262. Let g(w) = 29 - 3*w**3 + 2*w**2 - w + 5*w**3 - 28. Calculate g(c).
-5
Suppose 12 - 108 = -12*t. Let f be -14*(-5 + 36/t). Let m(n) = n**3 - 8*n**2 + 5*n + 4. Calculate m(f).
-10
Let q(w) = w - 5. Let u be (-3*(-40)/(-6))/(-1) + -1. Suppose -m - 8 = u. Let y be 8/(-20) + (0 - m/5). Determine q(y).
0
Let l(y) = 9 - 3 - 5. Let p(j) be the third derivative of -7*j**4/24 - 4*j**3/3 + 5*j**2 - 2*j. Let g(w) = 5*l(w) + p(w). Calculate g(-2).
11
Let o(z) = 12*z + 1. Let r be o(3). Let m = r + -40. Let n(l) = -11*l + 1 + 18*l - 6*l. Determine n(m).
-2
Let z(k) = -k**3 - 6*k**2 + 4*k - 14. Let w(n) = -n**3 + 6*n + 2. Let s be w(3). Let u be z(s). Let v(t) = -u - t**2 + 0*t**2 - 2*t + 10*t - t. Give v(5).
3
Let v = -362 - -359. Let a(d) be the first derivative of d**3/3 - d**2 + d - 3. Determine a(v).
16
Let i(w) = w**3 + 10*w**2 + 11*w + 10. Let x = 258 + -58. Let z be ((-92)/(-10))/(-1) - (-40)/x. Determine i(z).
-8
Let o(z) be the third derivative of -z**5/12 + 2*z**4/3 + 13*z**3/6 + 2*z**2 + 6*z. Let b(p) = -p**2 + p + 1. Let l(f) = 6*b(f) - o(f). Determine l(-9).
2
Let x(s) = -s + 11. Let g(n) = 191*n**3 - 4*n**2 + 1. Let f be g(1). Let y = -197 + f. Determine x(y).
20
Suppose 175 = -253*c - 6909. Let m(z) = z**3 + 30*z**2 + 57*z + 43. Determine m(c).
15
Let z(q) = 204*q + 28. Let d(v) = 449*v + 58. Let g(t) = 6*d(t) - 13*z(t). What is g(4)?
152
Suppose 27*a - 354 = -57*a + 318. Let k(t) = -t**3 + 10*t**2 - 13*t - 16. Calculate k(a).
8
Suppose -4*m - 12 = 2*v, 4*m = -3*v + 78 - 86. Let b(s) = s**2 + 6*s + 6. What is b(m)?
1
Let o(q) = -1922 + 6*q + 636 + 3*q + 655 + 660. Determine o(-5).
-16
Let k = -11658 + 11662. Let m(g) = g**3 - 5*g**2 - g + 6. Give m(k).
-14
Suppose 17*f = -12*f + 18183. Let n(r) = -326 - r**2 - 315 + f. Suppose -3*l = 2*l. What is n(l)?
-14
Let r(k) be the third derivative of 1/6*k**3 - 13/60*k**5 + 134*k**2 + 0 + 1/24*k**4 + 0*k. Suppose -2*f = -5*a - 3, 0*a = 2*f - 2*a. Calculate r(f).
-13
Let n(w) = 3*w**3 + w - 3. Let s(z) = -z**2 + 34*z - 255. Let m be s(11). Let y(a) = 6*a**3 + a**2 + a - 9. Let c(p) = m*y(p) + 5*n(p). Calculate c(-2).
-35
Let z(r) = 2*r**2 - 21*r - 6. Let l be -7 - ((-4)/(48/(-34)))/((-7)/42). Determine z(l).
-16
Suppose -5*b - 2 = -27. Suppose 2*h - b = -3*h. Let z(x) = -1 + 11268*x - 33845*x + 11271*x + 11304*x. Give z(h).
-3
Let l(n) = -n - 8. Let u be l(-10). Let z(p) = -102*p**2 + p**3 + 202*p**2 - 8 - 5*p - 95*p**u. Determine z(-6).
-14
Let u be 188/(-36)*1 - 2/(-9). Let v(j) = -4 + 4 + 2434*j - 2441*j - 4. Determine v(u).
31
Let t(g) be the second derivative of -g**3/2 - 3*g**2 + 4916*g. Let o = 3 + -3. Suppose o = 2*m + 2*m - 20. Give t(m).
-21
Let u be (-56)/10 + (-4)/10. Let o(d) be the third derivative of -19*d**4/24 + 82*d**2. Let l(m) = -34*m - 1. Let j(t) = 4*l(t) - 7*o(t). Determine j(u).
14
Let d(j) = j**2 + 5*j + 2. Let b(h) = -h**2 - 13*h - 24. Let g be (4/5)/((-5)/75). Let q be b(g). Let a(t) = -t**2 - 11*t + 10. Let c be a(q). What is d(c)?
-4
Let c(b) be the third derivative of b**4/24 + 7*b**3/6 - 20*b**2. Suppose -22*y - 41 - 91 = 0. What is c(y)?
1
Suppose 4*v + 104 - 116 = 0. Let i(m) = -5*m**3 + 8*m**2 - 5*m - 1. Let f(n) = -4*n**3 + 8*n**2 - 6*n - 2. Let q(o) = v*i(o) - 4*f(o). Give q(7).
19
Let j(f) = -8 - 66*f**2 + 12*f - 67*f**2 + 194*f**2 - 5*f - 63*f**2. Determine j(3).
-5
Let b(q) = -6 + 8*q**2 + 15 - 7*q**2 - 8*q. Let u = -44 + 47. Suppose -u*d + 11 = -10. What is b(d)?
2
Let b(g) = 184863*g + 4*g**2 + g**3 + 8 - 184844*g - 13*g**2. What is b(8)?
96
Suppose 3*g + 20 = 35. Suppose -9*u = -4*u + p + 49, 5*p = 5*u + 25. Let j be (u/12)/(g/(-60)). Let z(h) = -h**3 + 9*h**2 - h + 11. Determine z(j).
2
Let h(x) = x**2 + x + 2. Let j be h(-5). Suppose 4*s - 2 = -j. Let v(b) be the third derivative of b**4/6 + b**3 - 3*b**2 - 173*b. What is v(s)?
-14
Let a(f) = 4*f - 13. Let j(l) = 3*l - 8. Suppose 0 = -3*x + 3*p - 6, -x + 3*p + 12 = 8. Let v(t) = x*a(t) + 8*j(t). Determine v(-3).
-11
Let u(l) = -l**2 - l. Let r be (-5 - -3 - -3) + 3. Suppose -k = 3*k - r. Let o be u(k). Let b(h) = -h**3 - 2*h**2 - 2*h + 2. Calculate b(o).
6
Let z(b) be the third derivative of -b**7/5040 - b**6/90 - 71*b**5/60 + b**3/3 + 107*b**2. Let h(m) be the third derivative of z(m). Give h(-11).
3
Let c(u) = -116*u + 13111. Let f be c(113). Let k(p) = 2*p**3 - 3*p**2 - 4*p + 8. What is k(f)?
23
Let n(t) = 18 - t - 49 + 12 + 10. Give n(-21).
12
Let c be 2*5/10 + 6. Let t(y) = -9 + y - 4 + 32 - c. Suppose -3*r + 21 = -3*o, 2 = -2*o + o - 4*r. Give t(o).
6
Let t(p) = -223*p**2 - 104*p + 5. Let n(y) = 26*y**2 - y + 2. Let f(u) = -9*n(u) - t(u). Give f(10).
7
Let g(i) = -2*i**2 + 95*i - 290. Let h be g(44). Let q(y) = -y + 45. Give q(h).
27
Let p(m) = m**2 + 20*m + 14. Let v = 141 + -160. Let b be p(v). Let q(r) = -2*r + 7. What is q(b)?
17
Let r(k) = -k**2 - k + 1. Let w = -97 - -123. Suppose 0*z - w*z = 78. What is r(z)?
-5
Let c(p) = -2*p**2 + 25*p - 17. Suppose -2509 = -349*n + 156*n. What is c(n)?
-30
Let h(k) = 3*k - k - 1893 - 1904 + 3794. Let c(d) be the third derivative of d**4/12 - 2*d**3/3 - 2*d**2. Let l(q) = -3*c(q) + 2*h(q). Determine l(8).
-10
Suppose 10 - 40 = -5*k. Let m(a) = -7*a - 7. Let r be m(-1). Let o(z) = -31*z + 33*z + 2 + 3 + r. Give o(k).
17
Let v(f) = -2*f**2 - 49*f + 22. Suppose -15*x - 152 = -9*x - h, -5*x = 3*h + 119. What is v(x)?
-3
Let z(l) = -40*l**3 + 2*l**2 - 3*l - 4. Let p be (-3 - (-10)/4)*(3 + -1). What is z(p)?
41
Let g(r) = r**3 + 2*r**2 - 4*r + 4. Suppose 2*w = z - 2, z + 13*w = 14*w + 3. Suppose -32 = 5*t - 3*h, z*t - 8*t + h = 20. Calculate g(t).
-12
Let r(m) = -4*m**2 + m + 3. Let y(a) = -9*a**2 + a + 7. Let h(s) = -5*r(s) + 2*y(s). Let j be h(-6). Let d(z) = 48*z - z**2 + 4 - j*z + 47*z. Determine d(7).
-3
Let b(l) = -2*l**2 - 73*l + 82. Let q(f) = -4*f**2 - 122*f + 136. Let p(w) = -12*b(w) + 7*q(w). Give p(4).
-8
Let x(i) = 13*i**3 - i**2 - 28*i**3 + 39 + 14*i**3. Let u(d) = -d**2 + 19*d + 182. Let r be u(26). What is x(r)?
39
Suppose -16 = -4*s, 3*h + 3*s + 10 = 7*s. Let k(j) = 7*j**3 - j**2 + 2*j - 3. What is k(h)?
53
Let o(u) = -3 - 3924722*u - 7 + 3924721*u + 4. Let y = 9 + -17. Determine o(y).
2
Let g(v) = -13*v - 20. Let j(w) = 6*w + 9. Let n(h) = -2*g(h) - 5*j(h). Suppose 0 = -d + 2*o + 13, 9*o = -2*d + 10*o + 14. What is n(d)?
-25
Let v(x) = x**3 + 6*x**2 + 3*x - 5. Suppose -117 = 42*i + 93. Let m be i*8/(-100) + (-135)/25. Determine v(m).
5
Let y(i) be the third derivative of -i**4/6 - 16*i**3/3 + 24*i**2 - 1. Let k be 6/12*70/(-3 - 2). What is y(k)?
-4
Let b(w) = 3*w**3 + 16*w**2 + 11*w + 18. Let 